{"id":11235,"date":"2026-01-29T10:55:40","date_gmt":"2026-01-29T10:55:40","guid":{"rendered":"https:\/\/mima3.es\/?page_id=11235"},"modified":"2026-01-29T10:55:42","modified_gmt":"2026-01-29T10:55:42","slug":"politica-de-privacidad","status":"publish","type":"page","link":"https:\/\/mima3.es\/index.php\/politica-de-privacidad\/","title":{"rendered":"Pol\u00edtica de Privacidad"},"content":{"rendered":"<p>De conformidad con el Reglamento (UE) 2016\/679 (RGPD) y la Ley Org\u00e1nica 3\/2018 (LOPDGDD), se informa al usuario del tratamiento de sus datos:<\/p><ul class=\"wp-block-list\"><li><strong>Responsable del tratamiento:<\/strong> Miguel Calero Caballero (30998781W)<\/li>\n\n<li><strong>Finalidad:<\/strong> Gesti\u00f3n de las consultas recibidas, servicios solicitados y comunicaciones comerciales a trav\u00e9s de la web.<\/li>\n\n<li><strong>Legitimaci\u00f3n:<\/strong> Consentimiento expreso del interesado.<\/li>\n\n<li><strong>Destinatarios:<\/strong> No se comunicar\u00e1n los datos a terceros, salvo obligaci\u00f3n legal.<\/li>\n\n<li><strong>Derechos:<\/strong> El usuario tiene derecho a acceder, rectificar y suprimir los datos, as\u00ed como otros derechos detallados en la normativa vigente, dirigi\u00e9ndose por escrito a miggueca22@gmail.com o a la direcci\u00f3n postal Calle BuenaVista, 18, 14470 El Viso, C\u00f3rdoba.<\/li><\/ul>","protected":false},"excerpt":{"rendered":"<p>De conformidad con el Reglamento (UE) 2016\/679 (RGPD) y la Ley Org\u00e1nica 3\/2018 (LOPDGDD), se informa al usuario del tratamiento de sus datos:<\/p>\n","protected":false},"author":1,"featured_media":0,"parent":0,"menu_order":0,"comment_status":"closed","ping_status":"closed","template":"","meta":{"footnotes":""},"class_list":["post-11235","page","type-page","status-publish","hentry"],"yoast_head":"<!-- This site is optimized with the Yoast SEO plugin v24.0 - https:\/\/yoast.com\/wordpress\/plugins\/seo\/ -->\n<title>Pol\u00edtica de Privacidad - Mimate<\/title>\n<meta name=\"robots\" content=\"index, follow, max-snippet:-1, max-image-preview:large, max-video-preview:-1\" \/>\n<link rel=\"canonical\" href=\"https:\/\/mima3.es\/index.php\/politica-de-privacidad\/\" \/>\n<meta property=\"og:locale\" content=\"es_ES\" \/>\n<meta property=\"og:type\" content=\"article\" \/>\n<meta property=\"og:title\" content=\"Pol\u00edtica de Privacidad - Mimate\" \/>\n<meta property=\"og:description\" content=\"De conformidad con el Reglamento (UE) 2016\/679 (RGPD) y la Ley Org\u00e1nica 3\/2018 (LOPDGDD), se informa al usuario del tratamiento de sus datos:\" \/>\n<meta property=\"og:url\" content=\"https:\/\/mima3.es\/index.php\/politica-de-privacidad\/\" \/>\n<meta property=\"og:site_name\" content=\"Mimate\" \/>\n<meta property=\"article:modified_time\" content=\"2026-01-29T10:55:42+00:00\" \/>\n<meta name=\"twitter:card\" content=\"summary_large_image\" \/>\n<meta name=\"twitter:label1\" content=\"Tiempo de lectura\" \/>\n\t<meta name=\"twitter:data1\" content=\"1 minuto\" \/>\n<script type=\"application\/ld+json\" class=\"yoast-schema-graph\">{\"@context\":\"https:\/\/schema.org\",\"@graph\":[{\"@type\":\"WebPage\",\"@id\":\"https:\/\/mima3.es\/index.php\/politica-de-privacidad\/\",\"url\":\"https:\/\/mima3.es\/index.php\/politica-de-privacidad\/\",\"name\":\"Pol\u00edtica de Privacidad - Mimate\",\"isPartOf\":{\"@id\":\"https:\/\/mima3.es\/#website\"},\"datePublished\":\"2026-01-29T10:55:40+00:00\",\"dateModified\":\"2026-01-29T10:55:42+00:00\",\"breadcrumb\":{\"@id\":\"https:\/\/mima3.es\/index.php\/politica-de-privacidad\/#breadcrumb\"},\"inLanguage\":\"es\",\"potentialAction\":[{\"@type\":\"ReadAction\",\"target\":[\"https:\/\/mima3.es\/index.php\/politica-de-privacidad\/\"]}]},{\"@type\":\"BreadcrumbList\",\"@id\":\"https:\/\/mima3.es\/index.php\/politica-de-privacidad\/#breadcrumb\",\"itemListElement\":[{\"@type\":\"ListItem\",\"position\":1,\"name\":\"Portada\",\"item\":\"https:\/\/mima3.es\/\"},{\"@type\":\"ListItem\",\"position\":2,\"name\":\"Pol\u00edtica de Privacidad\"}]},{\"@type\":\"WebSite\",\"@id\":\"https:\/\/mima3.es\/#website\",\"url\":\"https:\/\/mima3.es\/\",\"name\":\"Mimate\",\"description\":\"\",\"potentialAction\":[{\"@type\":\"SearchAction\",\"target\":{\"@type\":\"EntryPoint\",\"urlTemplate\":\"https:\/\/mima3.es\/?s={search_term_string}\"},\"query-input\":{\"@type\":\"PropertyValueSpecification\",\"valueRequired\":true,\"valueName\":\"search_term_string\"}}],\"inLanguage\":\"es\"}]}<\/script>\n<!-- \/ Yoast SEO plugin. -->","yoast_head_json":{"title":"Pol\u00edtica de Privacidad - Mimate","robots":{"index":"index","follow":"follow","max-snippet":"max-snippet:-1","max-image-preview":"max-image-preview:large","max-video-preview":"max-video-preview:-1"},"canonical":"https:\/\/mima3.es\/index.php\/politica-de-privacidad\/","og_locale":"es_ES","og_type":"article","og_title":"Pol\u00edtica de Privacidad - Mimate","og_description":"De conformidad con el Reglamento (UE) 2016\/679 (RGPD) y la Ley Org\u00e1nica 3\/2018 (LOPDGDD), se informa al usuario del tratamiento de sus datos:","og_url":"https:\/\/mima3.es\/index.php\/politica-de-privacidad\/","og_site_name":"Mimate","article_modified_time":"2026-01-29T10:55:42+00:00","twitter_card":"summary_large_image","twitter_misc":{"Tiempo de lectura":"1 minuto"},"schema":{"@context":"https:\/\/schema.org","@graph":[{"@type":"WebPage","@id":"https:\/\/mima3.es\/index.php\/politica-de-privacidad\/","url":"https:\/\/mima3.es\/index.php\/politica-de-privacidad\/","name":"Pol\u00edtica de Privacidad - Mimate","isPartOf":{"@id":"https:\/\/mima3.es\/#website"},"datePublished":"2026-01-29T10:55:40+00:00","dateModified":"2026-01-29T10:55:42+00:00","breadcrumb":{"@id":"https:\/\/mima3.es\/index.php\/politica-de-privacidad\/#breadcrumb"},"inLanguage":"es","potentialAction":[{"@type":"ReadAction","target":["https:\/\/mima3.es\/index.php\/politica-de-privacidad\/"]}]},{"@type":"BreadcrumbList","@id":"https:\/\/mima3.es\/index.php\/politica-de-privacidad\/#breadcrumb","itemListElement":[{"@type":"ListItem","position":1,"name":"Portada","item":"https:\/\/mima3.es\/"},{"@type":"ListItem","position":2,"name":"Pol\u00edtica de Privacidad"}]},{"@type":"WebSite","@id":"https:\/\/mima3.es\/#website","url":"https:\/\/mima3.es\/","name":"Mimate","description":"","potentialAction":[{"@type":"SearchAction","target":{"@type":"EntryPoint","urlTemplate":"https:\/\/mima3.es\/?s={search_term_string}"},"query-input":{"@type":"PropertyValueSpecification","valueRequired":true,"valueName":"search_term_string"}}],"inLanguage":"es"}]}},"_links":{"self":[{"href":"https:\/\/mima3.es\/index.php\/wp-json\/wp\/v2\/pages\/11235","targetHints":{"allow":["GET"]}}],"collection":[{"href":"https:\/\/mima3.es\/index.php\/wp-json\/wp\/v2\/pages"}],"about":[{"href":"https:\/\/mima3.es\/index.php\/wp-json\/wp\/v2\/types\/page"}],"author":[{"embeddable":true,"href":"https:\/\/mima3.es\/index.php\/wp-json\/wp\/v2\/users\/1"}],"replies":[{"embeddable":true,"href":"https:\/\/mima3.es\/index.php\/wp-json\/wp\/v2\/comments?post=11235"}],"version-history":[{"count":1,"href":"https:\/\/mima3.es\/index.php\/wp-json\/wp\/v2\/pages\/11235\/revisions"}],"predecessor-version":[{"id":11236,"href":"https:\/\/mima3.es\/index.php\/wp-json\/wp\/v2\/pages\/11235\/revisions\/11236"}],"wp:attachment":[{"href":"https:\/\/mima3.es\/index.php\/wp-json\/wp\/v2\/media?parent=11235"}],"curies":[{"name":"wp","href":"https:\/\/api.w.org\/{rel}","templated":true}]}}